{"id":458,"date":"2022-01-26T11:21:29","date_gmt":"2022-01-26T10:21:29","guid":{"rendered":"https:\/\/staging.wohnungslos-in-koeln.de\/?post_type=einrichtung&#038;p=458"},"modified":"2023-04-19T20:19:44","modified_gmt":"2023-04-19T18:19:44","slug":"suppe-am-dom-efg-koeln-sued","status":"publish","type":"einrichtung","link":"https:\/\/www.wohnungslos-in-koeln.de\/pl\/einrichtung\/suppe-am-dom-efg-koeln-sued\/","title":{"rendered":"\"Zupa w katedrze\" EFG Kolonia Po\u0142udniowa"},"excerpt":{"rendered":"<p>\u017bywno\u015b\u0107 w ka\u017cdy czwartek (opr\u00f3cz 1. czwartku miesi\u0105ca), ubrania w ka\u017cdy 3. czwartek<br \/>\n18:30-20:00<\/p>","protected":false},"author":4,"featured_media":0,"template":"","angebot":[4,8,12,14],"class_list":["post-458","einrichtung","type-einrichtung","status-publish","hentry","angebot-nahrung","angebot-kleidung","angebot-seelsorge","angebot-strom"],"acf":[],"_links":{"self":[{"href":"https:\/\/www.wohnungslos-in-koeln.de\/pl\/wp-json\/wp\/v2\/einrichtung\/458","targetHints":{"allow":["GET"]}}],"collection":[{"href":"https:\/\/www.wohnungslos-in-koeln.de\/pl\/wp-json\/wp\/v2\/einrichtung"}],"about":[{"href":"https:\/\/www.wohnungslos-in-koeln.de\/pl\/wp-json\/wp\/v2\/types\/einrichtung"}],"author":[{"embeddable":true,"href":"https:\/\/www.wohnungslos-in-koeln.de\/pl\/wp-json\/wp\/v2\/users\/4"}],"version-history":[{"count":9,"href":"https:\/\/www.wohnungslos-in-koeln.de\/pl\/wp-json\/wp\/v2\/einrichtung\/458\/revisions"}],"predecessor-version":[{"id":1290,"href":"https:\/\/www.wohnungslos-in-koeln.de\/pl\/wp-json\/wp\/v2\/einrichtung\/458\/revisions\/1290"}],"wp:attachment":[{"href":"https:\/\/www.wohnungslos-in-koeln.de\/pl\/wp-json\/wp\/v2\/media?parent=458"}],"wp:term":[{"taxonomy":"angebot","embeddable":true,"href":"https:\/\/www.wohnungslos-in-koeln.de\/pl\/wp-json\/wp\/v2\/angebot?post=458"}],"curies":[{"name":"wp","href":"https:\/\/api.w.org\/{rel}","templated":true}]}}

"Zupa w katedrze" EFG Kolonia Południowa

<p>Żywność w każdy czwartek (oprócz 1. czwartku miesiąca), ubrania w każdy 3. czwartek<br />
18:30-20:00</p>
