{"id":456,"date":"2022-01-26T11:14:42","date_gmt":"2022-01-26T10:14:42","guid":{"rendered":"https:\/\/staging.wohnungslos-in-koeln.de\/?post_type=einrichtung&#038;p=456"},"modified":"2026-02-10T10:44:36","modified_gmt":"2026-02-10T09:44:36","slug":"strassenwaechter-e-v","status":"publish","type":"einrichtung","link":"https:\/\/www.wohnungslos-in-koeln.de\/pl\/einrichtung\/strassenwaechter-e-v\/","title":{"rendered":"Stra\u00dfenw\u00e4chter e.V."},"excerpt":{"rendered":"<p>Centrum dzienne \"ZoHus by Stra\u00dfenw\u00e4chter\" Poniedzia\u0142ek: 15:00 - 20:00, Wtorek: 15:00 - 18:00, \u015aroda - Sobota: 15:00 - 20:00 i (prawie) codziennie od ok. 17:15 spacer po centrum miasta - start: Z\u00fclpicher Platz.<\/p>","protected":false},"author":24,"featured_media":0,"template":"","angebot":[4,7,8,14,15],"class_list":["post-456","einrichtung","type-einrichtung","status-publish","hentry","angebot-nahrung","angebot-internet","angebot-kleidung","angebot-strom","angebot-waschen"],"acf":[],"_links":{"self":[{"href":"https:\/\/www.wohnungslos-in-koeln.de\/pl\/wp-json\/wp\/v2\/einrichtung\/456","targetHints":{"allow":["GET"]}}],"collection":[{"href":"https:\/\/www.wohnungslos-in-koeln.de\/pl\/wp-json\/wp\/v2\/einrichtung"}],"about":[{"href":"https:\/\/www.wohnungslos-in-koeln.de\/pl\/wp-json\/wp\/v2\/types\/einrichtung"}],"author":[{"embeddable":true,"href":"https:\/\/www.wohnungslos-in-koeln.de\/pl\/wp-json\/wp\/v2\/users\/24"}],"version-history":[{"count":9,"href":"https:\/\/www.wohnungslos-in-koeln.de\/pl\/wp-json\/wp\/v2\/einrichtung\/456\/revisions"}],"predecessor-version":[{"id":1528,"href":"https:\/\/www.wohnungslos-in-koeln.de\/pl\/wp-json\/wp\/v2\/einrichtung\/456\/revisions\/1528"}],"wp:attachment":[{"href":"https:\/\/www.wohnungslos-in-koeln.de\/pl\/wp-json\/wp\/v2\/media?parent=456"}],"wp:term":[{"taxonomy":"angebot","embeddable":true,"href":"https:\/\/www.wohnungslos-in-koeln.de\/pl\/wp-json\/wp\/v2\/angebot?post=456"}],"curies":[{"name":"wp","href":"https:\/\/api.w.org\/{rel}","templated":true}]}}

Straßenwächter e.V.

<p>Centrum dzienne "ZoHus by Straßenwächter" Poniedziałek: 15:00 - 20:00, Wtorek: 15:00 - 18:00, Środa - Sobota: 15:00 - 20:00 i (prawie) codziennie od ok. 17:15 spacer po centrum miasta - start: Zülpicher Platz.</p>
