{"id":1396,"date":"2024-09-27T10:36:43","date_gmt":"2024-09-27T08:36:43","guid":{"rendered":"https:\/\/www.wohnungslos-in-koeln.de\/?post_type=einrichtung&#038;p=1396"},"modified":"2024-09-27T11:05:02","modified_gmt":"2024-09-27T09:05:02","slug":"winterhilfe-in-der-ostmerheimer-strasse","status":"publish","type":"einrichtung","link":"https:\/\/www.wohnungslos-in-koeln.de\/pl\/einrichtung\/winterhilfe-in-der-ostmerheimer-strasse\/","title":{"rendered":"Pomoc zimowa w Ostmerheimer Strasse"},"excerpt":{"rendered":"<p>Zawsze od 01 listopada do 31 marca, w zale\u017cno\u015bci od pogody, daty rozpocz\u0119cia i zako\u0144czenia mog\u0105 si\u0119 r\u00f3\u017cni\u0107.<\/p>","protected":false},"author":38,"featured_media":0,"template":"","angebot":[2,4,6,7,8,9,11,14,15],"class_list":["post-1396","einrichtung","type-einrichtung","status-publish","hentry","angebot-beratung","angebot-nahrung","angebot-hygiene","angebot-internet","angebot-kleidung","angebot-medizin","angebot-schlafen","angebot-strom","angebot-waschen"],"acf":[],"_links":{"self":[{"href":"https:\/\/www.wohnungslos-in-koeln.de\/pl\/wp-json\/wp\/v2\/einrichtung\/1396","targetHints":{"allow":["GET"]}}],"collection":[{"href":"https:\/\/www.wohnungslos-in-koeln.de\/pl\/wp-json\/wp\/v2\/einrichtung"}],"about":[{"href":"https:\/\/www.wohnungslos-in-koeln.de\/pl\/wp-json\/wp\/v2\/types\/einrichtung"}],"author":[{"embeddable":true,"href":"https:\/\/www.wohnungslos-in-koeln.de\/pl\/wp-json\/wp\/v2\/users\/38"}],"version-history":[{"count":1,"href":"https:\/\/www.wohnungslos-in-koeln.de\/pl\/wp-json\/wp\/v2\/einrichtung\/1396\/revisions"}],"predecessor-version":[{"id":1397,"href":"https:\/\/www.wohnungslos-in-koeln.de\/pl\/wp-json\/wp\/v2\/einrichtung\/1396\/revisions\/1397"}],"wp:attachment":[{"href":"https:\/\/www.wohnungslos-in-koeln.de\/pl\/wp-json\/wp\/v2\/media?parent=1396"}],"wp:term":[{"taxonomy":"angebot","embeddable":true,"href":"https:\/\/www.wohnungslos-in-koeln.de\/pl\/wp-json\/wp\/v2\/angebot?post=1396"}],"curies":[{"name":"wp","href":"https:\/\/api.w.org\/{rel}","templated":true}]}}

<p>Zawsze od 01 listopada do 31 marca, w zależności od pogody, daty rozpoczęcia i zakończenia mogą się różnić.</p>
